{"id":135,"date":"2023-04-14T06:11:49","date_gmt":"2023-04-14T06:11:49","guid":{"rendered":"https:\/\/legvartata.hu\/?page_id=135"},"modified":"2025-03-25T13:11:19","modified_gmt":"2025-03-25T13:11:19","slug":"mancs-orjarat","status":"publish","type":"page","link":"https:\/\/legvartata.hu\/?page_id=135","title":{"rendered":"Mancs \u0150rj\u00e1rat"},"content":{"rendered":"\n<p><strong>Minden gyerk\u0151c v\u00e1gya egy hatalmas buli ebben a gy\u00f6ny\u00f6r\u0171 grafik\u00e1val d\u00edsz\u00edtett, hatalmas cs\u00faszd\u00e1val \u00e9s \u00e9lm\u00e9ny elemekkel tark\u00edtott ugr\u00e1l\u00f3ban.<\/strong><\/p>\n\n\n\n<p><strong>A vid\u00e1m sz\u00f3rakoz\u00e1st a mancs \u0151rj\u00e1rat f\u0151szerepl\u0151i garant\u00e1lj\u00e1k.<\/strong><\/p>\n\n\n\n<p><strong>B\u00e9rleti d\u00edja: 40.000Ft\/nap Telephelyi \u00e1tv\u00e9tel est\u00e9n (Viszed-Hozod)<\/strong><\/p>\n\n\n\n<p><strong>Kisz\u00e1ll\u00edt\u00e1s \u00e9s telep\u00edt\u00e9s:<\/strong><\/p>\n\n\n\n<p><strong>Kisz\u00e1ll\u00edtjuk, telep\u00edtj\u00fck \u00e9s r\u00f6gz\u00edtj\u00fck, majd a program v\u00e9g\u00e9n \u00f6sszecsomagoljuk \u00e9s visszasz\u00e1ll\u00edtjuk.<br>10 000 Ft + 100 Ft\/km (Tat\u00e1r\u00f3l 2 x oda-vissza kell sz\u00e1molni).<\/strong><\/p>\n\n\n\n<p><strong>A lefoglalt l\u00e9gv\u00e1rak rossz id\u0151 eset\u00e9n lemondhat\u00f3ak.<\/strong><\/p>\n\n\n\n<p><strong>Az \u00e1rak csak csal\u00e1di rendezv\u00e9nyekre \u00e9s sz\u00fclet\u00e9snapi partikra \u00e9rv\u00e9nyesek. C\u00e9ges \u00e9s k\u00f6z\u00fcleti rendezv\u00e9nyekre ,falu napokra k\u00e9rje egyedi aj\u00e1nlatunkat.<\/strong><\/p>\n\n\n\n<p>(Ir\u00e1ny\u00e1r nyilv\u00e1nos rendezv\u00e9nyre 60 000Ft Max. 6\u00f3ra id\u0151tartamra, sz\u00e1ll\u00edt\u00e1s \u00e9s fel\u00fcgyelet n\u00e9lk\u00fcl)<\/p>\n\n\n\n<p>Fel\u00fcgyel\u0151 szem\u00e9lyzet 2500ft\/\u00f3ra\/f\u0151<\/p>\n\n\n\n<p>Nagyobb kombi aut\u00f3val vagy ut\u00e1nfut\u00f3val sz\u00e1ll\u00edthat\u00f3.<\/p>\n\n\n\n<ul class=\"wp-block-list\">\n<li><strong>M\u00e9retei:<\/strong>\u00a08 x 4 x 4m (H x Sz x M)<\/li>\n\n\n\n<li><strong>Anyaga:<\/strong>\u00a0Ponyva<\/li>\n\n\n\n<li><strong>F\u00e9r\u0151hely:<\/strong>\u00a0Egyszerre 10-12 gyermek haszn\u00e1lhatja<\/li>\n\n\n\n<li><strong>L\u00e9gbef\u00fav\u00f3 motor:<\/strong>\u00a01100W<\/li>\n\n\n\n<li><strong>Aj\u00e1nlott koroszt\u00e1ly:<\/strong>\u00a02-14 \u00e9ves korig<\/li>\n\n\n\n<li><strong>S\u00falyhat\u00e1r max 50kg\/f\u0151<\/strong><\/li>\n<\/ul>\n\n\n\n<figure class=\"wp-block-image size-large\"><img loading=\"lazy\" decoding=\"async\" width=\"1024\" height=\"772\" src=\"https:\/\/legvartata.hu\/wp-content\/uploads\/2023\/04\/IMG_20210918_104352-1-3-1024x772.jpg\" alt=\"\" class=\"wp-image-153\" srcset=\"https:\/\/legvartata.hu\/wp-content\/uploads\/2023\/04\/IMG_20210918_104352-1-3-1024x772.jpg 1024w, https:\/\/legvartata.hu\/wp-content\/uploads\/2023\/04\/IMG_20210918_104352-1-3-300x226.jpg 300w, https:\/\/legvartata.hu\/wp-content\/uploads\/2023\/04\/IMG_20210918_104352-1-3-768x579.jpg 768w, https:\/\/legvartata.hu\/wp-content\/uploads\/2023\/04\/IMG_20210918_104352-1-3-1536x1158.jpg 1536w, https:\/\/legvartata.hu\/wp-content\/uploads\/2023\/04\/IMG_20210918_104352-1-3-2048x1544.jpg 2048w, https:\/\/legvartata.hu\/wp-content\/uploads\/2023\/04\/IMG_20210918_104352-1-3-80x60.jpg 80w\" sizes=\"auto, (max-width: 1024px) 100vw, 1024px\" \/><\/figure>\n\n\n\n<figure class=\"wp-block-image size-large\"><img loading=\"lazy\" decoding=\"async\" width=\"1024\" height=\"820\" src=\"https:\/\/legvartata.hu\/wp-content\/uploads\/2023\/04\/IMG_20210918_104409-1-3-1024x820.jpg\" alt=\"\" class=\"wp-image-155\" srcset=\"https:\/\/legvartata.hu\/wp-content\/uploads\/2023\/04\/IMG_20210918_104409-1-3-1024x820.jpg 1024w, https:\/\/legvartata.hu\/wp-content\/uploads\/2023\/04\/IMG_20210918_104409-1-3-300x240.jpg 300w, https:\/\/legvartata.hu\/wp-content\/uploads\/2023\/04\/IMG_20210918_104409-1-3-768x615.jpg 768w, https:\/\/legvartata.hu\/wp-content\/uploads\/2023\/04\/IMG_20210918_104409-1-3-1536x1230.jpg 1536w, https:\/\/legvartata.hu\/wp-content\/uploads\/2023\/04\/IMG_20210918_104409-1-3-2048x1639.jpg 2048w, https:\/\/legvartata.hu\/wp-content\/uploads\/2023\/04\/IMG_20210918_104409-1-3-75x60.jpg 75w\" sizes=\"auto, (max-width: 1024px) 100vw, 1024px\" \/><\/figure>\n\n\n\n<figure class=\"wp-block-image size-large\"><img loading=\"lazy\" decoding=\"async\" width=\"1024\" height=\"915\" src=\"https:\/\/legvartata.hu\/wp-content\/uploads\/2023\/04\/IMG_20210918_104425-3-1024x915.jpg\" alt=\"\" class=\"wp-image-157\" srcset=\"https:\/\/legvartata.hu\/wp-content\/uploads\/2023\/04\/IMG_20210918_104425-3-1024x915.jpg 1024w, https:\/\/legvartata.hu\/wp-content\/uploads\/2023\/04\/IMG_20210918_104425-3-300x268.jpg 300w, https:\/\/legvartata.hu\/wp-content\/uploads\/2023\/04\/IMG_20210918_104425-3-768x686.jpg 768w, https:\/\/legvartata.hu\/wp-content\/uploads\/2023\/04\/IMG_20210918_104425-3-1536x1373.jpg 1536w, https:\/\/legvartata.hu\/wp-content\/uploads\/2023\/04\/IMG_20210918_104425-3-2048x1831.jpg 2048w, https:\/\/legvartata.hu\/wp-content\/uploads\/2023\/04\/IMG_20210918_104425-3-67x60.jpg 67w\" sizes=\"auto, (max-width: 1024px) 100vw, 1024px\" \/><\/figure>\n\n\n\n<figure class=\"wp-block-image size-large\"><img loading=\"lazy\" decoding=\"async\" width=\"1024\" height=\"727\" src=\"https:\/\/legvartata.hu\/wp-content\/uploads\/2023\/04\/IMG_20210918_104557-1-3-1024x727.jpg\" alt=\"\" class=\"wp-image-156\" srcset=\"https:\/\/legvartata.hu\/wp-content\/uploads\/2023\/04\/IMG_20210918_104557-1-3-1024x727.jpg 1024w, https:\/\/legvartata.hu\/wp-content\/uploads\/2023\/04\/IMG_20210918_104557-1-3-300x213.jpg 300w, https:\/\/legvartata.hu\/wp-content\/uploads\/2023\/04\/IMG_20210918_104557-1-3-768x545.jpg 768w, https:\/\/legvartata.hu\/wp-content\/uploads\/2023\/04\/IMG_20210918_104557-1-3-1536x1090.jpg 1536w, https:\/\/legvartata.hu\/wp-content\/uploads\/2023\/04\/IMG_20210918_104557-1-3-2048x1454.jpg 2048w, https:\/\/legvartata.hu\/wp-content\/uploads\/2023\/04\/IMG_20210918_104557-1-3-85x60.jpg 85w\" sizes=\"auto, (max-width: 1024px) 100vw, 1024px\" \/><\/figure>\n\n\n\n<figure class=\"wp-block-image size-large\"><img loading=\"lazy\" decoding=\"async\" width=\"767\" height=\"1024\" src=\"https:\/\/legvartata.hu\/wp-content\/uploads\/2023\/04\/IMG_20210924_164206-3-767x1024.jpg\" alt=\"\" class=\"wp-image-158\" srcset=\"https:\/\/legvartata.hu\/wp-content\/uploads\/2023\/04\/IMG_20210924_164206-3-767x1024.jpg 767w, https:\/\/legvartata.hu\/wp-content\/uploads\/2023\/04\/IMG_20210924_164206-3-225x300.jpg 225w, https:\/\/legvartata.hu\/wp-content\/uploads\/2023\/04\/IMG_20210924_164206-3-768x1025.jpg 768w, https:\/\/legvartata.hu\/wp-content\/uploads\/2023\/04\/IMG_20210924_164206-3-1151x1536.jpg 1151w, https:\/\/legvartata.hu\/wp-content\/uploads\/2023\/04\/IMG_20210924_164206-3-1535x2048.jpg 1535w, https:\/\/legvartata.hu\/wp-content\/uploads\/2023\/04\/IMG_20210924_164206-3-45x60.jpg 45w, https:\/\/legvartata.hu\/wp-content\/uploads\/2023\/04\/IMG_20210924_164206-3-scaled.jpg 1919w\" sizes=\"auto, (max-width: 767px) 100vw, 767px\" \/><\/figure>\n\n\n\n<figure class=\"wp-block-image size-large\"><img loading=\"lazy\" decoding=\"async\" width=\"1024\" height=\"699\" src=\"https:\/\/legvartata.hu\/wp-content\/uploads\/2023\/04\/IMG_20210924_164304-3-1024x699.jpg\" alt=\"\" class=\"wp-image-159\" srcset=\"https:\/\/legvartata.hu\/wp-content\/uploads\/2023\/04\/IMG_20210924_164304-3-1024x699.jpg 1024w, https:\/\/legvartata.hu\/wp-content\/uploads\/2023\/04\/IMG_20210924_164304-3-300x205.jpg 300w, https:\/\/legvartata.hu\/wp-content\/uploads\/2023\/04\/IMG_20210924_164304-3-768x524.jpg 768w, https:\/\/legvartata.hu\/wp-content\/uploads\/2023\/04\/IMG_20210924_164304-3-1536x1049.jpg 1536w, https:\/\/legvartata.hu\/wp-content\/uploads\/2023\/04\/IMG_20210924_164304-3-2048x1398.jpg 2048w, https:\/\/legvartata.hu\/wp-content\/uploads\/2023\/04\/IMG_20210924_164304-3-88x60.jpg 88w\" sizes=\"auto, (max-width: 1024px) 100vw, 1024px\" \/><\/figure>\n","protected":false},"excerpt":{"rendered":"<p>Minden gyerk\u0151c v\u00e1gya egy hatalmas buli ebben a gy\u00f6ny\u00f6r\u0171 grafik\u00e1val d\u00edsz\u00edtett, hatalmas cs\u00faszd\u00e1val \u00e9s \u00e9lm\u00e9ny elemekkel tark\u00edtott ugr\u00e1l\u00f3ban. A vid\u00e1m sz\u00f3rakoz\u00e1st a mancs \u0151rj\u00e1rat f\u0151szerepl\u0151i garant\u00e1lj\u00e1k. B\u00e9rleti d\u00edja: 40.000Ft\/nap Telephelyi \u00e1tv\u00e9tel est\u00e9n (Viszed-Hozod) Kisz\u00e1ll\u00edt\u00e1s \u00e9s telep\u00edt\u00e9s: Kisz\u00e1ll\u00edtjuk, telep\u00edtj\u00fck \u00e9s r\u00f6gz\u00edtj\u00fck, majd a program v\u00e9g\u00e9n \u00f6sszecsomagoljuk \u00e9s visszasz\u00e1ll\u00edtjuk.10 000 Ft + 100 Ft\/km (Tat\u00e1r\u00f3l 2 x &hellip; <\/p>\n","protected":false},"author":1,"featured_media":0,"parent":0,"menu_order":0,"comment_status":"closed","ping_status":"closed","template":"","meta":{"footnotes":""},"class_list":["post-135","page","type-page","status-publish","hentry"],"_links":{"self":[{"href":"https:\/\/legvartata.hu\/index.php?rest_route=\/wp\/v2\/pages\/135","targetHints":{"allow":["GET"]}}],"collection":[{"href":"https:\/\/legvartata.hu\/index.php?rest_route=\/wp\/v2\/pages"}],"about":[{"href":"https:\/\/legvartata.hu\/index.php?rest_route=\/wp\/v2\/types\/page"}],"author":[{"embeddable":true,"href":"https:\/\/legvartata.hu\/index.php?rest_route=\/wp\/v2\/users\/1"}],"replies":[{"embeddable":true,"href":"https:\/\/legvartata.hu\/index.php?rest_route=%2Fwp%2Fv2%2Fcomments&post=135"}],"version-history":[{"count":2,"href":"https:\/\/legvartata.hu\/index.php?rest_route=\/wp\/v2\/pages\/135\/revisions"}],"predecessor-version":[{"id":305,"href":"https:\/\/legvartata.hu\/index.php?rest_route=\/wp\/v2\/pages\/135\/revisions\/305"}],"wp:attachment":[{"href":"https:\/\/legvartata.hu\/index.php?rest_route=%2Fwp%2Fv2%2Fmedia&parent=135"}],"curies":[{"name":"wp","href":"https:\/\/api.w.org\/{rel}","templated":true}]}}