{"id":185,"date":"2023-04-14T06:17:36","date_gmt":"2023-04-14T06:17:36","guid":{"rendered":"https:\/\/legvartata.hu\/?page_id=185"},"modified":"2025-03-25T13:12:14","modified_gmt":"2025-03-25T13:12:14","slug":"tini-nindzsa-orias-csuszda","status":"publish","type":"page","link":"https:\/\/legvartata.hu\/?page_id=185","title":{"rendered":"Tini Nindzsa \u00d3ri\u00e1s cs\u00faszda"},"content":{"rendered":"\n<p><strong>Egy igazi adrenalinbomba nem csak gyerekeknek!<\/strong><\/p>\n\n\n\n<p><strong>Tedd pr\u00f3b\u00e1ra b\u00e1tors\u00e1god \u00e9s \u00fcgyess\u00e9ged ebben a hatalmas 7 m\u00e9ter magas \u00f3ri\u00e1s cs\u00faszd\u00e1ban a Tini Ninj\u00e1k k\u00f6z\u00f6tt!<\/strong><\/p>\n\n\n\n<p><strong>B\u00e9rleti d\u00edja: 45.000Ft\/nap Telephelyi \u00e1tv\u00e9tel est\u00e9n (Viszed-Hozod)<\/strong><\/p>\n\n\n\n<p><strong>Kisz\u00e1ll\u00edt\u00e1s \u00e9s telep\u00edt\u00e9s:<\/strong><\/p>\n\n\n\n<p><strong>Kisz\u00e1ll\u00edtjuk, telep\u00edtj\u00fck \u00e9s r\u00f6gz\u00edtj\u00fck, majd a program v\u00e9g\u00e9n \u00f6sszecsomagoljuk \u00e9s visszasz\u00e1ll\u00edtjuk.<br>10 000 Ft + 100 Ft\/km (Tat\u00e1r\u00f3l 2 x oda-vissza kell sz\u00e1molni).<\/strong><\/p>\n\n\n\n<p><strong>A lefoglalt l\u00e9gv\u00e1rak rossz id\u0151 eset\u00e9n lemondhat\u00f3ak.<\/strong><\/p>\n\n\n\n<p><strong>Az \u00e1rak csak csal\u00e1di rendezv\u00e9nyekre \u00e9s sz\u00fclet\u00e9snapi partikra \u00e9rv\u00e9nyesek. C\u00e9ges \u00e9s k\u00f6z\u00fcleti rendezv\u00e9nyekre ,falu napokra k\u00e9rje egyedi aj\u00e1nlatunkat.<\/strong><\/p>\n\n\n\n<p>(Ir\u00e1ny\u00e1r nyilv\u00e1nos rendezv\u00e9nyre 67 500ft Max. 6\u00f3ra id\u0151tartamra, sz\u00e1ll\u00edt\u00e1s \u00e9s fel\u00fcgyelet n\u00e9lk\u00fcl)<\/p>\n\n\n\n<p>Fel\u00fcgyel\u0151 szem\u00e9lyzet 2500ft\/\u00f3ra\/f\u0151<\/p>\n\n\n\n<p>Furgonnal ,ut\u00e1nfut\u00f3val sz\u00e1ll\u00edthat\u00f3.<\/p>\n\n\n\n<p><strong>A lefoglalt l\u00e9gv\u00e1rak rossz id\u0151 eset\u00e9n lemondhat\u00f3ak.<\/strong><\/p>\n\n\n\n<ul class=\"wp-block-list\">\n<li><strong>M\u00e9retei:<\/strong>\u00a08 x 4 x 7m (H x Sz x M)<\/li>\n\n\n\n<li><strong>Csomag s\u00falya:<\/strong>\u00a0200kg<\/li>\n\n\n\n<li><strong>Anyaga:<\/strong>\u00a0Ponyva<\/li>\n\n\n\n<li><strong>F\u00e9r\u0151hely:<\/strong>\u00a0Egyszerre 10 gyermek haszn\u00e1lhatja<\/li>\n\n\n\n<li><strong>L\u00e9gbef\u00fav\u00f3 motor:<\/strong>\u00a0220v 2200W<\/li>\n\n\n\n<li><strong>Aj\u00e1nlott koroszt\u00e1ly:<\/strong>\u00a03-99 \u00e9ves korig<\/li>\n\n\n\n<li><strong>S\u00falyhat\u00e1r 80 kg\/f\u0151<\/strong><\/li>\n<\/ul>\n\n\n\n<figure class=\"wp-block-image size-large\"><img loading=\"lazy\" decoding=\"async\" width=\"1024\" height=\"674\" src=\"https:\/\/legvartata.hu\/wp-content\/uploads\/2023\/04\/IMG_20220410_134721-1024x674.jpg\" alt=\"\" class=\"wp-image-187\" srcset=\"https:\/\/legvartata.hu\/wp-content\/uploads\/2023\/04\/IMG_20220410_134721-1024x674.jpg 1024w, https:\/\/legvartata.hu\/wp-content\/uploads\/2023\/04\/IMG_20220410_134721-300x198.jpg 300w, https:\/\/legvartata.hu\/wp-content\/uploads\/2023\/04\/IMG_20220410_134721-768x506.jpg 768w, https:\/\/legvartata.hu\/wp-content\/uploads\/2023\/04\/IMG_20220410_134721-1536x1012.jpg 1536w, https:\/\/legvartata.hu\/wp-content\/uploads\/2023\/04\/IMG_20220410_134721-2048x1349.jpg 2048w, https:\/\/legvartata.hu\/wp-content\/uploads\/2023\/04\/IMG_20220410_134721-91x60.jpg 91w\" sizes=\"auto, (max-width: 1024px) 100vw, 1024px\" \/><\/figure>\n\n\n\n<figure class=\"wp-block-image size-large\"><img loading=\"lazy\" decoding=\"async\" width=\"1024\" height=\"922\" src=\"https:\/\/legvartata.hu\/wp-content\/uploads\/2023\/04\/IMG_20220410_134740-1024x922.jpg\" alt=\"\" class=\"wp-image-186\" srcset=\"https:\/\/legvartata.hu\/wp-content\/uploads\/2023\/04\/IMG_20220410_134740-1024x922.jpg 1024w, https:\/\/legvartata.hu\/wp-content\/uploads\/2023\/04\/IMG_20220410_134740-300x270.jpg 300w, https:\/\/legvartata.hu\/wp-content\/uploads\/2023\/04\/IMG_20220410_134740-768x691.jpg 768w, https:\/\/legvartata.hu\/wp-content\/uploads\/2023\/04\/IMG_20220410_134740-1536x1382.jpg 1536w, https:\/\/legvartata.hu\/wp-content\/uploads\/2023\/04\/IMG_20220410_134740-2048x1843.jpg 2048w, https:\/\/legvartata.hu\/wp-content\/uploads\/2023\/04\/IMG_20220410_134740-67x60.jpg 67w\" sizes=\"auto, (max-width: 1024px) 100vw, 1024px\" \/><\/figure>\n\n\n\n<figure class=\"wp-block-image size-large\"><img loading=\"lazy\" decoding=\"async\" width=\"1024\" height=\"766\" src=\"https:\/\/legvartata.hu\/wp-content\/uploads\/2023\/04\/IMG_20220410_134820-1024x766.jpg\" alt=\"\" class=\"wp-image-188\" srcset=\"https:\/\/legvartata.hu\/wp-content\/uploads\/2023\/04\/IMG_20220410_134820-1024x766.jpg 1024w, https:\/\/legvartata.hu\/wp-content\/uploads\/2023\/04\/IMG_20220410_134820-300x224.jpg 300w, https:\/\/legvartata.hu\/wp-content\/uploads\/2023\/04\/IMG_20220410_134820-768x574.jpg 768w, https:\/\/legvartata.hu\/wp-content\/uploads\/2023\/04\/IMG_20220410_134820-1536x1148.jpg 1536w, https:\/\/legvartata.hu\/wp-content\/uploads\/2023\/04\/IMG_20220410_134820-2048x1531.jpg 2048w, https:\/\/legvartata.hu\/wp-content\/uploads\/2023\/04\/IMG_20220410_134820-80x60.jpg 80w\" sizes=\"auto, (max-width: 1024px) 100vw, 1024px\" \/><\/figure>\n","protected":false},"excerpt":{"rendered":"<p>Egy igazi adrenalinbomba nem csak gyerekeknek! Tedd pr\u00f3b\u00e1ra b\u00e1tors\u00e1god \u00e9s \u00fcgyess\u00e9ged ebben a hatalmas 7 m\u00e9ter magas \u00f3ri\u00e1s cs\u00faszd\u00e1ban a Tini Ninj\u00e1k k\u00f6z\u00f6tt! B\u00e9rleti d\u00edja: 45.000Ft\/nap Telephelyi \u00e1tv\u00e9tel est\u00e9n (Viszed-Hozod) Kisz\u00e1ll\u00edt\u00e1s \u00e9s telep\u00edt\u00e9s: Kisz\u00e1ll\u00edtjuk, telep\u00edtj\u00fck \u00e9s r\u00f6gz\u00edtj\u00fck, majd a program v\u00e9g\u00e9n \u00f6sszecsomagoljuk \u00e9s visszasz\u00e1ll\u00edtjuk.10 000 Ft + 100 Ft\/km (Tat\u00e1r\u00f3l 2 x oda-vissza kell sz\u00e1molni). &hellip; <\/p>\n","protected":false},"author":1,"featured_media":0,"parent":0,"menu_order":0,"comment_status":"closed","ping_status":"closed","template":"","meta":{"footnotes":""},"class_list":["post-185","page","type-page","status-publish","hentry"],"_links":{"self":[{"href":"https:\/\/legvartata.hu\/index.php?rest_route=\/wp\/v2\/pages\/185","targetHints":{"allow":["GET"]}}],"collection":[{"href":"https:\/\/legvartata.hu\/index.php?rest_route=\/wp\/v2\/pages"}],"about":[{"href":"https:\/\/legvartata.hu\/index.php?rest_route=\/wp\/v2\/types\/page"}],"author":[{"embeddable":true,"href":"https:\/\/legvartata.hu\/index.php?rest_route=\/wp\/v2\/users\/1"}],"replies":[{"embeddable":true,"href":"https:\/\/legvartata.hu\/index.php?rest_route=%2Fwp%2Fv2%2Fcomments&post=185"}],"version-history":[{"count":3,"href":"https:\/\/legvartata.hu\/index.php?rest_route=\/wp\/v2\/pages\/185\/revisions"}],"predecessor-version":[{"id":307,"href":"https:\/\/legvartata.hu\/index.php?rest_route=\/wp\/v2\/pages\/185\/revisions\/307"}],"wp:attachment":[{"href":"https:\/\/legvartata.hu\/index.php?rest_route=%2Fwp%2Fv2%2Fmedia&parent=185"}],"curies":[{"name":"wp","href":"https:\/\/api.w.org\/{rel}","templated":true}]}}