{"id":224,"date":"2023-04-14T06:31:39","date_gmt":"2023-04-14T06:31:39","guid":{"rendered":"https:\/\/legvartata.hu\/?page_id=224"},"modified":"2025-03-25T13:13:15","modified_gmt":"2025-03-25T13:13:15","slug":"fredi-es-beni-legvar","status":"publish","type":"page","link":"https:\/\/legvartata.hu\/?page_id=224","title":{"rendered":"Fr\u00e9di \u00e9s B\u00e9ni l\u00e9gv\u00e1r"},"content":{"rendered":"\n<p><strong>Az igazi energia levezet\u0151 d\u00fch\u00f6ng\u0151 ar\u00e9na nagym\u00e9ret\u0171, strapabir\u00f3 ugr\u00e1l\u00f3 fel\u00fclettel rendelkezik a nagy ugr\u00e1sokhoz, amihez felf\u00fajhat\u00f3, rugalmas oldalfalak p\u00e1rosulnak, melyekr\u0151l visszapattanva m\u00e9g nagyobb \u00e9lm\u00e9nnyel indulhat az ujjabb ugrikaland. Kiv\u00e1l\u00f3 sz\u00f3rakoz\u00e1s a nagyobb gyermekek sz\u00e1m\u00e1ra is.<\/strong><\/p>\n\n\n\n<p><strong>B\u00e9rleti d\u00edja: 20.000Ft\/nap Telephelyi \u00e1tv\u00e9tel est\u00e9n (Viszed-Hozod)<\/strong><\/p>\n\n\n\n<p><strong>Kisz\u00e1ll\u00edt\u00e1s \u00e9s telep\u00edt\u00e9s:<\/strong><\/p>\n\n\n\n<p><strong>Kisz\u00e1ll\u00edtjuk, telep\u00edtj\u00fck \u00e9s r\u00f6gz\u00edtj\u00fck, majd a program v\u00e9g\u00e9n \u00f6sszecsomagoljuk \u00e9s visszasz\u00e1ll\u00edtjuk.<br>10 000 Ft + 100 Ft\/km (Tat\u00e1r\u00f3l 2 x oda-vissza kell sz\u00e1molni).<\/strong><\/p>\n\n\n\n<p><strong>A lefoglalt l\u00e9gv\u00e1rak rossz id\u0151 eset\u00e9n lemondhat\u00f3ak.<\/strong><\/p>\n\n\n\n<p><strong>Az \u00e1rak csak csal\u00e1di rendezv\u00e9nyekre \u00e9s sz\u00fclet\u00e9snapi partikra \u00e9rv\u00e9nyesek. C\u00e9ges \u00e9s k\u00f6z\u00fcleti rendezv\u00e9nyekre ,falu napokra k\u00e9rje egyedi aj\u00e1nlatunkat.<\/strong><\/p>\n\n\n\n<p><strong>(Ir\u00e1ny\u00e1r nyilv\u00e1nos rendezv\u00e9nyre 30&nbsp;000ft Max. 6\u00f3ra id\u0151tartamra, sz\u00e1ll\u00edt\u00e1s \u00e9s fel\u00fcgyelet n\u00e9lk\u00fcl)<\/strong><\/p>\n\n\n\n<p><strong>Fel\u00fcgyel\u0151 szem\u00e9lyzet 2500ft\/\u00f3ra\/f\u0151<\/strong><\/p>\n\n\n\n<p><strong>Nagyobb kombi aut\u00f3val vagy ut\u00e1nfut\u00f3val sz\u00e1ll\u00edthat\u00f3.<\/strong><\/p>\n\n\n\n<ul class=\"wp-block-list\">\n<li><strong>M\u00e9retei:<\/strong>\u00a04m x 5,5m x 2,5m (H x SZ x M)<\/li>\n\n\n\n<li><strong>Csomag s\u00falya:<\/strong>\u00a0100kg<\/li>\n\n\n\n<li><strong>Anyaga:<\/strong>\u00a0Ponyva<\/li>\n\n\n\n<li><strong>F\u00e9r\u0151hely:<\/strong>\u00a0Egyszerre 6-8 gyermek haszn\u00e1lhatja<\/li>\n\n\n\n<li><strong>L\u00e9gbef\u00fav\u00f3 motor:<\/strong>\u00a0220v 1100W<\/li>\n\n\n\n<li><strong>Aj\u00e1nlott koroszt\u00e1ly:<\/strong>\u00a01-12 \u00e9ves korig<\/li>\n\n\n\n<li><strong>S\u00falyhat\u00e1r Max 70kg\/f\u0151<\/strong><\/li>\n<\/ul>\n\n\n\n<figure class=\"wp-block-image size-large\"><img loading=\"lazy\" decoding=\"async\" width=\"1024\" height=\"922\" src=\"https:\/\/legvartata.hu\/wp-content\/uploads\/2023\/04\/IMG_20200509_142931-1024x922.jpg\" alt=\"\" class=\"wp-image-226\" srcset=\"https:\/\/legvartata.hu\/wp-content\/uploads\/2023\/04\/IMG_20200509_142931-1024x922.jpg 1024w, https:\/\/legvartata.hu\/wp-content\/uploads\/2023\/04\/IMG_20200509_142931-300x270.jpg 300w, https:\/\/legvartata.hu\/wp-content\/uploads\/2023\/04\/IMG_20200509_142931-768x691.jpg 768w, https:\/\/legvartata.hu\/wp-content\/uploads\/2023\/04\/IMG_20200509_142931-1536x1382.jpg 1536w, https:\/\/legvartata.hu\/wp-content\/uploads\/2023\/04\/IMG_20200509_142931-2048x1843.jpg 2048w, https:\/\/legvartata.hu\/wp-content\/uploads\/2023\/04\/IMG_20200509_142931-67x60.jpg 67w\" sizes=\"auto, (max-width: 1024px) 100vw, 1024px\" \/><\/figure>\n\n\n\n<figure class=\"wp-block-image size-large\"><img loading=\"lazy\" decoding=\"async\" width=\"1024\" height=\"839\" src=\"https:\/\/legvartata.hu\/wp-content\/uploads\/2023\/04\/IMG_20200509_142950-1024x839.jpg\" alt=\"\" class=\"wp-image-228\" srcset=\"https:\/\/legvartata.hu\/wp-content\/uploads\/2023\/04\/IMG_20200509_142950-1024x839.jpg 1024w, https:\/\/legvartata.hu\/wp-content\/uploads\/2023\/04\/IMG_20200509_142950-300x246.jpg 300w, https:\/\/legvartata.hu\/wp-content\/uploads\/2023\/04\/IMG_20200509_142950-768x629.jpg 768w, https:\/\/legvartata.hu\/wp-content\/uploads\/2023\/04\/IMG_20200509_142950-1536x1258.jpg 1536w, https:\/\/legvartata.hu\/wp-content\/uploads\/2023\/04\/IMG_20200509_142950-2048x1678.jpg 2048w, https:\/\/legvartata.hu\/wp-content\/uploads\/2023\/04\/IMG_20200509_142950-73x60.jpg 73w\" sizes=\"auto, (max-width: 1024px) 100vw, 1024px\" \/><\/figure>\n\n\n\n<figure class=\"wp-block-image size-large\"><img loading=\"lazy\" decoding=\"async\" width=\"1024\" height=\"917\" src=\"https:\/\/legvartata.hu\/wp-content\/uploads\/2023\/04\/IMG_20210613_090159-1024x917.jpg\" alt=\"\" class=\"wp-image-225\" srcset=\"https:\/\/legvartata.hu\/wp-content\/uploads\/2023\/04\/IMG_20210613_090159-1024x917.jpg 1024w, https:\/\/legvartata.hu\/wp-content\/uploads\/2023\/04\/IMG_20210613_090159-300x269.jpg 300w, https:\/\/legvartata.hu\/wp-content\/uploads\/2023\/04\/IMG_20210613_090159-768x687.jpg 768w, https:\/\/legvartata.hu\/wp-content\/uploads\/2023\/04\/IMG_20210613_090159-1536x1375.jpg 1536w, https:\/\/legvartata.hu\/wp-content\/uploads\/2023\/04\/IMG_20210613_090159-67x60.jpg 67w, https:\/\/legvartata.hu\/wp-content\/uploads\/2023\/04\/IMG_20210613_090159.jpg 1945w\" sizes=\"auto, (max-width: 1024px) 100vw, 1024px\" \/><\/figure>\n\n\n\n<figure class=\"wp-block-image size-large\"><img loading=\"lazy\" decoding=\"async\" width=\"937\" height=\"1024\" src=\"https:\/\/legvartata.hu\/wp-content\/uploads\/2023\/04\/IMG_20210613_090231-937x1024.jpg\" alt=\"\" class=\"wp-image-227\" srcset=\"https:\/\/legvartata.hu\/wp-content\/uploads\/2023\/04\/IMG_20210613_090231-937x1024.jpg 937w, https:\/\/legvartata.hu\/wp-content\/uploads\/2023\/04\/IMG_20210613_090231-275x300.jpg 275w, https:\/\/legvartata.hu\/wp-content\/uploads\/2023\/04\/IMG_20210613_090231-768x839.jpg 768w, https:\/\/legvartata.hu\/wp-content\/uploads\/2023\/04\/IMG_20210613_090231-1405x1536.jpg 1405w, https:\/\/legvartata.hu\/wp-content\/uploads\/2023\/04\/IMG_20210613_090231-1874x2048.jpg 1874w, https:\/\/legvartata.hu\/wp-content\/uploads\/2023\/04\/IMG_20210613_090231-55x60.jpg 55w\" sizes=\"auto, (max-width: 937px) 100vw, 937px\" \/><\/figure>\n","protected":false},"excerpt":{"rendered":"<p>Az igazi energia levezet\u0151 d\u00fch\u00f6ng\u0151 ar\u00e9na nagym\u00e9ret\u0171, strapabir\u00f3 ugr\u00e1l\u00f3 fel\u00fclettel rendelkezik a nagy ugr\u00e1sokhoz, amihez felf\u00fajhat\u00f3, rugalmas oldalfalak p\u00e1rosulnak, melyekr\u0151l visszapattanva m\u00e9g nagyobb \u00e9lm\u00e9nnyel indulhat az ujjabb ugrikaland. Kiv\u00e1l\u00f3 sz\u00f3rakoz\u00e1s a nagyobb gyermekek sz\u00e1m\u00e1ra is. B\u00e9rleti d\u00edja: 20.000Ft\/nap Telephelyi \u00e1tv\u00e9tel est\u00e9n (Viszed-Hozod) Kisz\u00e1ll\u00edt\u00e1s \u00e9s telep\u00edt\u00e9s: Kisz\u00e1ll\u00edtjuk, telep\u00edtj\u00fck \u00e9s r\u00f6gz\u00edtj\u00fck, majd a program v\u00e9g\u00e9n \u00f6sszecsomagoljuk \u00e9s &hellip; <\/p>\n","protected":false},"author":1,"featured_media":0,"parent":0,"menu_order":0,"comment_status":"closed","ping_status":"closed","template":"","meta":{"footnotes":""},"class_list":["post-224","page","type-page","status-publish","hentry"],"_links":{"self":[{"href":"https:\/\/legvartata.hu\/index.php?rest_route=\/wp\/v2\/pages\/224","targetHints":{"allow":["GET"]}}],"collection":[{"href":"https:\/\/legvartata.hu\/index.php?rest_route=\/wp\/v2\/pages"}],"about":[{"href":"https:\/\/legvartata.hu\/index.php?rest_route=\/wp\/v2\/types\/page"}],"author":[{"embeddable":true,"href":"https:\/\/legvartata.hu\/index.php?rest_route=\/wp\/v2\/users\/1"}],"replies":[{"embeddable":true,"href":"https:\/\/legvartata.hu\/index.php?rest_route=%2Fwp%2Fv2%2Fcomments&post=224"}],"version-history":[{"count":2,"href":"https:\/\/legvartata.hu\/index.php?rest_route=\/wp\/v2\/pages\/224\/revisions"}],"predecessor-version":[{"id":312,"href":"https:\/\/legvartata.hu\/index.php?rest_route=\/wp\/v2\/pages\/224\/revisions\/312"}],"wp:attachment":[{"href":"https:\/\/legvartata.hu\/index.php?rest_route=%2Fwp%2Fv2%2Fmedia&parent=224"}],"curies":[{"name":"wp","href":"https:\/\/api.w.org\/{rel}","templated":true}]}}