{"id":231,"date":"2023-04-14T06:37:27","date_gmt":"2023-04-14T06:37:27","guid":{"rendered":"https:\/\/legvartata.hu\/?page_id=231"},"modified":"2025-05-13T13:32:38","modified_gmt":"2025-05-13T13:32:38","slug":"zsirafos-legvar","status":"publish","type":"page","link":"https:\/\/legvartata.hu\/?page_id=231","title":{"rendered":"P\u00f3kemberes szuperh\u0151s ugr\u00e1l\u00f3v\u00e1r"},"content":{"rendered":"\n<p><strong>Dupla cs\u00faszda, dupla m\u00f3ka!<\/strong><\/p>\n\n\n\n<p><strong>L\u00e9pj be a szuperh\u0151s\u00f6k vil\u00e1g\u00e1ba ezzel a l\u00e1tv\u00e1nyos P\u00f3kemberes l\u00e9gv\u00e1rral, ahol a kaland sosem \u00e9r v\u00e9get! A hatalmas, sz\u00ednes diz\u00e1jn m\u00e1r messzir\u0151l vonzza a tekintetet, a dupla cs\u00faszda pedig garant\u00e1lja a p\u00f6rg\u0151s sz\u00f3rakoz\u00e1st. Az akad\u00e1lyelemek extra kih\u00edv\u00e1st \u00e9s nevet\u00e9st hoznak minden ugr\u00e1l\u00f3 kis h\u0151s sz\u00e1m\u00e1ra. T\u00f6k\u00e9letes v\u00e1laszt\u00e1s sz\u00fclet\u00e9snapokra, csal\u00e1di napokra, rendezv\u00e9nyekre.<\/strong><\/p>\n\n\n\n<p><strong>Ha valami igaz\u00e1n men\u0151 attrakci\u00f3t keresel, ez a l\u00e9gv\u00e1r a tuti befut\u00f3!<\/strong><\/p>\n\n\n\n<p><strong>B\u00e9rleti d\u00edja: 45.000Ft\/nap Telephelyi \u00e1tv\u00e9tel est\u00e9n (Viszed-Hozod)<\/strong><\/p>\n\n\n\n<p><strong>Kisz\u00e1ll\u00edt\u00e1s \u00e9s telep\u00edt\u00e9s:<\/strong><\/p>\n\n\n\n<p><strong>Kisz\u00e1ll\u00edtjuk, telep\u00edtj\u00fck \u00e9s r\u00f6gz\u00edtj\u00fck, majd a program v\u00e9g\u00e9n \u00f6sszecsomagoljuk \u00e9s visszasz\u00e1ll\u00edtjuk.<br>10 000 Ft + 100 Ft\/km (Tat\u00e1r\u00f3l 2 x oda-vissza kell sz\u00e1molni).<\/strong><\/p>\n\n\n\n<p><strong>A lefoglalt l\u00e9gv\u00e1rak rossz id\u0151 eset\u00e9n lemondhat\u00f3k.<\/strong><\/p>\n\n\n\n<p><strong>Az \u00e1rak csak csal\u00e1di rendezv\u00e9nyekre \u00e9s sz\u00fclet\u00e9snapi partikra \u00e9rv\u00e9nyesek. C\u00e9ges \u00e9s k\u00f6z\u00fcleti rendezv\u00e9nyekre, falu napokra k\u00e9rje egyedi aj\u00e1nlatunkat.<\/strong><\/p>\n\n\n\n<ul class=\"wp-block-list\">\n<li><strong>M\u00e9retei:&nbsp;8 x 3,4 x 5m (H x SZ x M)<\/strong><\/li>\n\n\n\n<li><strong>Csomag s\u00falya:&nbsp;190kg<\/strong><\/li>\n\n\n\n<li><strong>Anyaga:&nbsp;Ponyva<\/strong><\/li>\n\n\n\n<li><strong>F\u00e9r\u0151hely:&nbsp;Egyszerre 8 gyermek haszn\u00e1lhatja<\/strong><\/li>\n\n\n\n<li><strong>L\u00e9gbef\u00fav\u00f3 motor:&nbsp;2400w<\/strong><\/li>\n\n\n\n<li><strong>Aj\u00e1nlott koroszt\u00e1ly:&nbsp;2-12 \u00e9ves korig<\/strong><\/li>\n\n\n\n<li><strong>Terhelhet\u0151s\u00e9g max.45 kg\/f\u0151<\/strong><\/li>\n<\/ul>\n\n\n\n<p><strong>Nagyobb egyter\u0171 aut\u00f3val, furgonnal, vagy ut\u00e1nfut\u00f3val sz\u00e1ll\u00edthat\u00f3.<\/strong><\/p>\n\n\n\n<figure class=\"wp-block-image size-large\"><img loading=\"lazy\" decoding=\"async\" width=\"1024\" height=\"1006\" src=\"https:\/\/legvartata.hu\/wp-content\/uploads\/2025\/05\/2-1-1024x1006.jpg\" alt=\"\" class=\"wp-image-332\" srcset=\"https:\/\/legvartata.hu\/wp-content\/uploads\/2025\/05\/2-1-1024x1006.jpg 1024w, https:\/\/legvartata.hu\/wp-content\/uploads\/2025\/05\/2-1-300x295.jpg 300w, https:\/\/legvartata.hu\/wp-content\/uploads\/2025\/05\/2-1-768x754.jpg 768w, https:\/\/legvartata.hu\/wp-content\/uploads\/2025\/05\/2-1-1536x1509.jpg 1536w, https:\/\/legvartata.hu\/wp-content\/uploads\/2025\/05\/2-1-2048x2012.jpg 2048w, https:\/\/legvartata.hu\/wp-content\/uploads\/2025\/05\/2-1-61x60.jpg 61w\" sizes=\"auto, (max-width: 1024px) 100vw, 1024px\" \/><\/figure>\n\n\n\n<figure class=\"wp-block-image size-large\"><img loading=\"lazy\" decoding=\"async\" width=\"784\" height=\"1024\" src=\"https:\/\/legvartata.hu\/wp-content\/uploads\/2025\/05\/3-1-784x1024.jpg\" alt=\"\" class=\"wp-image-333\" srcset=\"https:\/\/legvartata.hu\/wp-content\/uploads\/2025\/05\/3-1-784x1024.jpg 784w, https:\/\/legvartata.hu\/wp-content\/uploads\/2025\/05\/3-1-230x300.jpg 230w, https:\/\/legvartata.hu\/wp-content\/uploads\/2025\/05\/3-1-768x1003.jpg 768w, https:\/\/legvartata.hu\/wp-content\/uploads\/2025\/05\/3-1-1176x1536.jpg 1176w, https:\/\/legvartata.hu\/wp-content\/uploads\/2025\/05\/3-1-1567x2048.jpg 1567w, https:\/\/legvartata.hu\/wp-content\/uploads\/2025\/05\/3-1-46x60.jpg 46w, https:\/\/legvartata.hu\/wp-content\/uploads\/2025\/05\/3-1-scaled.jpg 1959w\" sizes=\"auto, (max-width: 784px) 100vw, 784px\" \/><\/figure>\n\n\n\n<figure class=\"wp-block-image size-large\"><img loading=\"lazy\" decoding=\"async\" width=\"768\" height=\"1024\" src=\"https:\/\/legvartata.hu\/wp-content\/uploads\/2025\/05\/4-768x1024.jpg\" alt=\"\" class=\"wp-image-334\" srcset=\"https:\/\/legvartata.hu\/wp-content\/uploads\/2025\/05\/4-768x1024.jpg 768w, https:\/\/legvartata.hu\/wp-content\/uploads\/2025\/05\/4-225x300.jpg 225w, https:\/\/legvartata.hu\/wp-content\/uploads\/2025\/05\/4-1152x1536.jpg 1152w, https:\/\/legvartata.hu\/wp-content\/uploads\/2025\/05\/4-1536x2048.jpg 1536w, https:\/\/legvartata.hu\/wp-content\/uploads\/2025\/05\/4-45x60.jpg 45w, https:\/\/legvartata.hu\/wp-content\/uploads\/2025\/05\/4-scaled.jpg 1920w\" sizes=\"auto, (max-width: 768px) 100vw, 768px\" \/><\/figure>\n\n\n\n<figure class=\"wp-block-image size-large\"><img loading=\"lazy\" decoding=\"async\" width=\"768\" height=\"1024\" src=\"https:\/\/legvartata.hu\/wp-content\/uploads\/2025\/05\/5-2-768x1024.jpg\" alt=\"\" class=\"wp-image-335\" srcset=\"https:\/\/legvartata.hu\/wp-content\/uploads\/2025\/05\/5-2-768x1024.jpg 768w, https:\/\/legvartata.hu\/wp-content\/uploads\/2025\/05\/5-2-225x300.jpg 225w, https:\/\/legvartata.hu\/wp-content\/uploads\/2025\/05\/5-2-1152x1536.jpg 1152w, https:\/\/legvartata.hu\/wp-content\/uploads\/2025\/05\/5-2-1536x2048.jpg 1536w, https:\/\/legvartata.hu\/wp-content\/uploads\/2025\/05\/5-2-45x60.jpg 45w, https:\/\/legvartata.hu\/wp-content\/uploads\/2025\/05\/5-2-scaled.jpg 1920w\" sizes=\"auto, (max-width: 768px) 100vw, 768px\" \/><\/figure>\n\n\n\n<figure class=\"wp-block-image size-large\"><img loading=\"lazy\" decoding=\"async\" width=\"936\" height=\"1024\" src=\"https:\/\/legvartata.hu\/wp-content\/uploads\/2025\/05\/6-2-936x1024.jpg\" alt=\"\" class=\"wp-image-336\" srcset=\"https:\/\/legvartata.hu\/wp-content\/uploads\/2025\/05\/6-2-936x1024.jpg 936w, https:\/\/legvartata.hu\/wp-content\/uploads\/2025\/05\/6-2-274x300.jpg 274w, https:\/\/legvartata.hu\/wp-content\/uploads\/2025\/05\/6-2-768x841.jpg 768w, https:\/\/legvartata.hu\/wp-content\/uploads\/2025\/05\/6-2-1404x1536.jpg 1404w, https:\/\/legvartata.hu\/wp-content\/uploads\/2025\/05\/6-2-1871x2048.jpg 1871w, https:\/\/legvartata.hu\/wp-content\/uploads\/2025\/05\/6-2-55x60.jpg 55w\" sizes=\"auto, (max-width: 936px) 100vw, 936px\" \/><\/figure>\n\n\n\n<figure class=\"wp-block-image size-large\"><img loading=\"lazy\" decoding=\"async\" width=\"1024\" height=\"757\" src=\"https:\/\/legvartata.hu\/wp-content\/uploads\/2025\/05\/7-2-1-1024x757.jpg\" alt=\"\" class=\"wp-image-337\" srcset=\"https:\/\/legvartata.hu\/wp-content\/uploads\/2025\/05\/7-2-1-1024x757.jpg 1024w, https:\/\/legvartata.hu\/wp-content\/uploads\/2025\/05\/7-2-1-300x222.jpg 300w, https:\/\/legvartata.hu\/wp-content\/uploads\/2025\/05\/7-2-1-768x568.jpg 768w, https:\/\/legvartata.hu\/wp-content\/uploads\/2025\/05\/7-2-1-1536x1136.jpg 1536w, https:\/\/legvartata.hu\/wp-content\/uploads\/2025\/05\/7-2-1-2048x1515.jpg 2048w, https:\/\/legvartata.hu\/wp-content\/uploads\/2025\/05\/7-2-1-81x60.jpg 81w\" sizes=\"auto, (max-width: 1024px) 100vw, 1024px\" \/><\/figure>\n\n\n\n<figure class=\"wp-block-image size-large\"><img loading=\"lazy\" decoding=\"async\" width=\"964\" height=\"1024\" src=\"https:\/\/legvartata.hu\/wp-content\/uploads\/2025\/05\/Fo-kep-1-964x1024.jpg\" alt=\"\" class=\"wp-image-338\" srcset=\"https:\/\/legvartata.hu\/wp-content\/uploads\/2025\/05\/Fo-kep-1-964x1024.jpg 964w, https:\/\/legvartata.hu\/wp-content\/uploads\/2025\/05\/Fo-kep-1-283x300.jpg 283w, https:\/\/legvartata.hu\/wp-content\/uploads\/2025\/05\/Fo-kep-1-768x816.jpg 768w, https:\/\/legvartata.hu\/wp-content\/uploads\/2025\/05\/Fo-kep-1-1447x1536.jpg 1447w, https:\/\/legvartata.hu\/wp-content\/uploads\/2025\/05\/Fo-kep-1-1929x2048.jpg 1929w, https:\/\/legvartata.hu\/wp-content\/uploads\/2025\/05\/Fo-kep-1-57x60.jpg 57w\" sizes=\"auto, (max-width: 964px) 100vw, 964px\" \/><\/figure>\n","protected":false},"excerpt":{"rendered":"<p>Dupla cs\u00faszda, dupla m\u00f3ka! L\u00e9pj be a szuperh\u0151s\u00f6k vil\u00e1g\u00e1ba ezzel a l\u00e1tv\u00e1nyos P\u00f3kemberes l\u00e9gv\u00e1rral, ahol a kaland sosem \u00e9r v\u00e9get! A hatalmas, sz\u00ednes diz\u00e1jn m\u00e1r messzir\u0151l vonzza a tekintetet, a dupla cs\u00faszda pedig garant\u00e1lja a p\u00f6rg\u0151s sz\u00f3rakoz\u00e1st. Az akad\u00e1lyelemek extra kih\u00edv\u00e1st \u00e9s nevet\u00e9st hoznak minden ugr\u00e1l\u00f3 kis h\u0151s sz\u00e1m\u00e1ra. T\u00f6k\u00e9letes v\u00e1laszt\u00e1s sz\u00fclet\u00e9snapokra, csal\u00e1di napokra, rendezv\u00e9nyekre. &hellip; <\/p>\n","protected":false},"author":1,"featured_media":0,"parent":0,"menu_order":0,"comment_status":"closed","ping_status":"closed","template":"","meta":{"footnotes":""},"class_list":["post-231","page","type-page","status-publish","hentry"],"_links":{"self":[{"href":"https:\/\/legvartata.hu\/index.php?rest_route=\/wp\/v2\/pages\/231","targetHints":{"allow":["GET"]}}],"collection":[{"href":"https:\/\/legvartata.hu\/index.php?rest_route=\/wp\/v2\/pages"}],"about":[{"href":"https:\/\/legvartata.hu\/index.php?rest_route=\/wp\/v2\/types\/page"}],"author":[{"embeddable":true,"href":"https:\/\/legvartata.hu\/index.php?rest_route=\/wp\/v2\/users\/1"}],"replies":[{"embeddable":true,"href":"https:\/\/legvartata.hu\/index.php?rest_route=%2Fwp%2Fv2%2Fcomments&post=231"}],"version-history":[{"count":4,"href":"https:\/\/legvartata.hu\/index.php?rest_route=\/wp\/v2\/pages\/231\/revisions"}],"predecessor-version":[{"id":339,"href":"https:\/\/legvartata.hu\/index.php?rest_route=\/wp\/v2\/pages\/231\/revisions\/339"}],"wp:attachment":[{"href":"https:\/\/legvartata.hu\/index.php?rest_route=%2Fwp%2Fv2%2Fmedia&parent=231"}],"curies":[{"name":"wp","href":"https:\/\/api.w.org\/{rel}","templated":true}]}}