{"id":238,"date":"2023-04-14T06:38:59","date_gmt":"2023-04-14T06:38:59","guid":{"rendered":"https:\/\/legvartata.hu\/?page_id=238"},"modified":"2025-05-13T13:42:30","modified_gmt":"2025-05-13T13:42:30","slug":"4-az-1-ben-jatszohaz","status":"publish","type":"page","link":"https:\/\/legvartata.hu\/?page_id=238","title":{"rendered":"Kis Mancs ugr\u00e1l\u00f3v\u00e1r"},"content":{"rendered":"\n<p><strong>Ugr\u00e1lj a kalandba a Mancs \u0150rj\u00e1rat csapat\u00e1val!<\/strong><\/p>\n\n\n\n<p><strong>Fedezd fel a szuper Mancs \u0150rj\u00e1ratos l\u00e9gv\u00e1rat, ahol Chase, Marshall, Skye \u00e9s bar\u00e1taik m\u00e1r izgatottan v\u00e1rj\u00e1k a gyerekeket egy felejthetetlen \u00e9lm\u00e9nyre! Ez a k\u00fcl\u00f6nleges l\u00e9gv\u00e1r nem csak ugr\u00e1l\u00e1sra alkalmas \u2013 bels\u0151 j\u00e1t\u00e9kokkal \u00e9s cs\u00faszd\u00e1val is fel van szerelve, igy garant\u00e1lt a folyamatos sz\u00f3rakoz\u00e1s!<\/strong><\/p>\n\n\n\n<p><strong>\u00c9s ez m\u00e9g nem minden: A l\u00e9gv\u00e1r teljesen fedett, igy a gyerekek napf\u00e9ny, es\u0151 \u00e9s a meleg ellen v\u00e9dve j\u00e1tszhatnak eg\u00e9sz nap!<\/strong><\/p>\n\n\n\n<p><strong>T\u00f6k\u00e9letes v\u00e1laszt\u00e1s sz\u00fclinapokra, csal\u00e1di napokra, rendezv\u00e9nyekre! Foglalj most, \u00e9s tedd igaz\u00e1n k\u00fcl\u00f6nlegess\u00e9 a&nbsp; gyerekek napj\u00e1t! Mert ha m\u00f3ka kell, a Mancs \u0150rj\u00e1rat ott van \u2013 most egy szuper l\u00e9gv\u00e1rban is!<\/strong><\/p>\n\n\n\n<p><strong>&nbsp;B\u00e9rleti d\u00edja: 30 000Ft\/nap Telephelyi \u00e1tv\u00e9tel est\u00e9n (Viszed-Hozod)<\/strong><\/p>\n\n\n\n<p><strong>Kisz\u00e1ll\u00edt\u00e1s \u00e9s telep\u00edt\u00e9s:<\/strong><\/p>\n\n\n\n<p><strong>Kisz\u00e1ll\u00edtjuk, telep\u00edtj\u00fck \u00e9s r\u00f6gz\u00edtj\u00fck, majd a program v\u00e9g\u00e9n \u00f6sszecsomagoljuk \u00e9s visszasz\u00e1ll\u00edtjuk.<br>10 000 Ft + 100 Ft\/km (Tat\u00e1r\u00f3l 2 x oda-vissza kell sz\u00e1molni).<\/strong><\/p>\n\n\n\n<p><strong>Szem\u00e9lyaut\u00f3val sz\u00e1ll\u00edthat\u00f3.<\/strong><\/p>\n\n\n\n<p><strong>&nbsp;A lefoglalt l\u00e9gv\u00e1rak rossz id\u0151 eset\u00e9n lemondhat\u00f3ak.<\/strong><\/p>\n\n\n\n<ul class=\"wp-block-list\">\n<li><strong>M\u00e9retei:\u00a04 x 4 x 4,2m (H x SZ x M)<\/strong><\/li>\n\n\n\n<li><strong>Csomag s\u00falya:\u00a080kg<\/strong><\/li>\n\n\n\n<li><strong>Anyaga:\u00a0Ponyva<\/strong><\/li>\n\n\n\n<li><strong>F\u00e9r\u0151hely:\u00a0Egyszerre 8 gyermek haszn\u00e1lhatja<\/strong><\/li>\n\n\n\n<li><strong>L\u00e9gbef\u00fav\u00f3 motor:\u00a01800w<\/strong><\/li>\n\n\n\n<li><strong>Aj\u00e1nlott koroszt\u00e1ly:\u00a01-10\u00e9ves korig<\/strong><\/li>\n<\/ul>\n\n\n\n<figure class=\"wp-block-image size-large\"><img loading=\"lazy\" decoding=\"async\" width=\"896\" height=\"1024\" src=\"https:\/\/legvartata.hu\/wp-content\/uploads\/2025\/05\/Fo-kep-2-1-896x1024.jpg\" alt=\"\" class=\"wp-image-351\" srcset=\"https:\/\/legvartata.hu\/wp-content\/uploads\/2025\/05\/Fo-kep-2-1-896x1024.jpg 896w, https:\/\/legvartata.hu\/wp-content\/uploads\/2025\/05\/Fo-kep-2-1-263x300.jpg 263w, https:\/\/legvartata.hu\/wp-content\/uploads\/2025\/05\/Fo-kep-2-1-768x878.jpg 768w, https:\/\/legvartata.hu\/wp-content\/uploads\/2025\/05\/Fo-kep-2-1-1344x1536.jpg 1344w, https:\/\/legvartata.hu\/wp-content\/uploads\/2025\/05\/Fo-kep-2-1-1792x2048.jpg 1792w, https:\/\/legvartata.hu\/wp-content\/uploads\/2025\/05\/Fo-kep-2-1-53x60.jpg 53w\" sizes=\"auto, (max-width: 896px) 100vw, 896px\" \/><\/figure>\n\n\n\n<figure class=\"wp-block-image size-large\"><img loading=\"lazy\" decoding=\"async\" width=\"1024\" height=\"948\" src=\"https:\/\/legvartata.hu\/wp-content\/uploads\/2025\/05\/IMG_20241007_165733-1-1024x948.jpg\" alt=\"\" class=\"wp-image-349\" srcset=\"https:\/\/legvartata.hu\/wp-content\/uploads\/2025\/05\/IMG_20241007_165733-1-1024x948.jpg 1024w, https:\/\/legvartata.hu\/wp-content\/uploads\/2025\/05\/IMG_20241007_165733-1-300x278.jpg 300w, https:\/\/legvartata.hu\/wp-content\/uploads\/2025\/05\/IMG_20241007_165733-1-768x711.jpg 768w, https:\/\/legvartata.hu\/wp-content\/uploads\/2025\/05\/IMG_20241007_165733-1-1536x1423.jpg 1536w, https:\/\/legvartata.hu\/wp-content\/uploads\/2025\/05\/IMG_20241007_165733-1-2048x1897.jpg 2048w, https:\/\/legvartata.hu\/wp-content\/uploads\/2025\/05\/IMG_20241007_165733-1-65x60.jpg 65w\" sizes=\"auto, (max-width: 1024px) 100vw, 1024px\" \/><\/figure>\n\n\n\n<figure class=\"wp-block-image size-large\"><img loading=\"lazy\" decoding=\"async\" width=\"1024\" height=\"837\" src=\"https:\/\/legvartata.hu\/wp-content\/uploads\/2025\/05\/IMG_20241007_170019-1-1024x837.jpg\" alt=\"\" class=\"wp-image-348\" srcset=\"https:\/\/legvartata.hu\/wp-content\/uploads\/2025\/05\/IMG_20241007_170019-1-1024x837.jpg 1024w, https:\/\/legvartata.hu\/wp-content\/uploads\/2025\/05\/IMG_20241007_170019-1-300x245.jpg 300w, https:\/\/legvartata.hu\/wp-content\/uploads\/2025\/05\/IMG_20241007_170019-1-768x628.jpg 768w, https:\/\/legvartata.hu\/wp-content\/uploads\/2025\/05\/IMG_20241007_170019-1-1536x1255.jpg 1536w, https:\/\/legvartata.hu\/wp-content\/uploads\/2025\/05\/IMG_20241007_170019-1-2048x1673.jpg 2048w, https:\/\/legvartata.hu\/wp-content\/uploads\/2025\/05\/IMG_20241007_170019-1-73x60.jpg 73w\" sizes=\"auto, (max-width: 1024px) 100vw, 1024px\" \/><\/figure>\n\n\n\n<figure class=\"wp-block-image size-large\"><img loading=\"lazy\" decoding=\"async\" width=\"1024\" height=\"768\" src=\"https:\/\/legvartata.hu\/wp-content\/uploads\/2025\/05\/IMG_20241007_170618-1-1024x768.jpg\" alt=\"\" class=\"wp-image-353\" srcset=\"https:\/\/legvartata.hu\/wp-content\/uploads\/2025\/05\/IMG_20241007_170618-1-1024x768.jpg 1024w, https:\/\/legvartata.hu\/wp-content\/uploads\/2025\/05\/IMG_20241007_170618-1-300x225.jpg 300w, https:\/\/legvartata.hu\/wp-content\/uploads\/2025\/05\/IMG_20241007_170618-1-768x576.jpg 768w, https:\/\/legvartata.hu\/wp-content\/uploads\/2025\/05\/IMG_20241007_170618-1-1536x1152.jpg 1536w, https:\/\/legvartata.hu\/wp-content\/uploads\/2025\/05\/IMG_20241007_170618-1-2048x1536.jpg 2048w, https:\/\/legvartata.hu\/wp-content\/uploads\/2025\/05\/IMG_20241007_170618-1-80x60.jpg 80w\" sizes=\"auto, (max-width: 1024px) 100vw, 1024px\" \/><\/figure>\n\n\n\n<figure class=\"wp-block-image size-large\"><img loading=\"lazy\" decoding=\"async\" width=\"907\" height=\"1024\" src=\"https:\/\/legvartata.hu\/wp-content\/uploads\/2025\/05\/IMG_20250429_153137-1-907x1024.jpg\" alt=\"\" class=\"wp-image-350\" srcset=\"https:\/\/legvartata.hu\/wp-content\/uploads\/2025\/05\/IMG_20250429_153137-1-907x1024.jpg 907w, https:\/\/legvartata.hu\/wp-content\/uploads\/2025\/05\/IMG_20250429_153137-1-266x300.jpg 266w, https:\/\/legvartata.hu\/wp-content\/uploads\/2025\/05\/IMG_20250429_153137-1-768x867.jpg 768w, https:\/\/legvartata.hu\/wp-content\/uploads\/2025\/05\/IMG_20250429_153137-1-1360x1536.jpg 1360w, https:\/\/legvartata.hu\/wp-content\/uploads\/2025\/05\/IMG_20250429_153137-1-1813x2048.jpg 1813w, https:\/\/legvartata.hu\/wp-content\/uploads\/2025\/05\/IMG_20250429_153137-1-53x60.jpg 53w\" sizes=\"auto, (max-width: 907px) 100vw, 907px\" \/><\/figure>\n\n\n\n<figure class=\"wp-block-gallery has-nested-images columns-default is-cropped wp-block-gallery-1 is-layout-flex wp-block-gallery-is-layout-flex\">\n<figure class=\"wp-block-image size-large\"><img loading=\"lazy\" decoding=\"async\" width=\"875\" height=\"1024\" data-id=\"352\" src=\"https:\/\/legvartata.hu\/wp-content\/uploads\/2025\/05\/IMG_20250429_153157-1-875x1024.jpg\" alt=\"\" class=\"wp-image-352\" srcset=\"https:\/\/legvartata.hu\/wp-content\/uploads\/2025\/05\/IMG_20250429_153157-1-875x1024.jpg 875w, https:\/\/legvartata.hu\/wp-content\/uploads\/2025\/05\/IMG_20250429_153157-1-256x300.jpg 256w, https:\/\/legvartata.hu\/wp-content\/uploads\/2025\/05\/IMG_20250429_153157-1-768x898.jpg 768w, https:\/\/legvartata.hu\/wp-content\/uploads\/2025\/05\/IMG_20250429_153157-1-1313x1536.jpg 1313w, https:\/\/legvartata.hu\/wp-content\/uploads\/2025\/05\/IMG_20250429_153157-1-1751x2048.jpg 1751w, https:\/\/legvartata.hu\/wp-content\/uploads\/2025\/05\/IMG_20250429_153157-1-51x60.jpg 51w\" sizes=\"auto, (max-width: 875px) 100vw, 875px\" \/><\/figure>\n<\/figure>\n","protected":false},"excerpt":{"rendered":"<p>Ugr\u00e1lj a kalandba a Mancs \u0150rj\u00e1rat csapat\u00e1val! Fedezd fel a szuper Mancs \u0150rj\u00e1ratos l\u00e9gv\u00e1rat, ahol Chase, Marshall, Skye \u00e9s bar\u00e1taik m\u00e1r izgatottan v\u00e1rj\u00e1k a gyerekeket egy felejthetetlen \u00e9lm\u00e9nyre! Ez a k\u00fcl\u00f6nleges l\u00e9gv\u00e1r nem csak ugr\u00e1l\u00e1sra alkalmas \u2013 bels\u0151 j\u00e1t\u00e9kokkal \u00e9s cs\u00faszd\u00e1val is fel van szerelve, igy garant\u00e1lt a folyamatos sz\u00f3rakoz\u00e1s! \u00c9s ez m\u00e9g nem minden: &hellip; <\/p>\n","protected":false},"author":1,"featured_media":0,"parent":0,"menu_order":0,"comment_status":"closed","ping_status":"closed","template":"","meta":{"footnotes":""},"class_list":["post-238","page","type-page","status-publish","hentry"],"_links":{"self":[{"href":"https:\/\/legvartata.hu\/index.php?rest_route=\/wp\/v2\/pages\/238","targetHints":{"allow":["GET"]}}],"collection":[{"href":"https:\/\/legvartata.hu\/index.php?rest_route=\/wp\/v2\/pages"}],"about":[{"href":"https:\/\/legvartata.hu\/index.php?rest_route=\/wp\/v2\/types\/page"}],"author":[{"embeddable":true,"href":"https:\/\/legvartata.hu\/index.php?rest_route=\/wp\/v2\/users\/1"}],"replies":[{"embeddable":true,"href":"https:\/\/legvartata.hu\/index.php?rest_route=%2Fwp%2Fv2%2Fcomments&post=238"}],"version-history":[{"count":3,"href":"https:\/\/legvartata.hu\/index.php?rest_route=\/wp\/v2\/pages\/238\/revisions"}],"predecessor-version":[{"id":354,"href":"https:\/\/legvartata.hu\/index.php?rest_route=\/wp\/v2\/pages\/238\/revisions\/354"}],"wp:attachment":[{"href":"https:\/\/legvartata.hu\/index.php?rest_route=%2Fwp%2Fv2%2Fmedia&parent=238"}],"curies":[{"name":"wp","href":"https:\/\/api.w.org\/{rel}","templated":true}]}}